{"id":39,"date":"2022-03-23T13:58:03","date_gmt":"2022-03-23T13:58:03","guid":{"rendered":"https:\/\/voyb.com.br\/?page_id=39"},"modified":"2024-08-30T14:52:29","modified_gmt":"2024-08-30T17:52:29","slug":"sobre","status":"publish","type":"page","link":"https:\/\/voyb.com.br\/home\/sobre\/","title":{"rendered":"Sobre n\u00f3s"},"content":{"rendered":"\t\t<div data-elementor-type=\"wp-page\" data-elementor-id=\"39\" class=\"elementor elementor-39\" data-elementor-post-type=\"page\">\n\t\t\t\t\t\t<section class=\"elementor-section elementor-top-section elementor-element elementor-element-b1fb8a8 elementor-section-height-min-height elementor-section-boxed elementor-section-height-default elementor-section-items-middle\" data-id=\"b1fb8a8\" data-element_type=\"section\" data-e-type=\"section\" data-settings=\"{&quot;background_background&quot;:&quot;classic&quot;}\">\n\t\t\t\t\t\t<div class=\"elementor-container elementor-column-gap-default\">\n\t\t\t\t\t<div class=\"elementor-column elementor-col-50 elementor-top-column elementor-element elementor-element-49d7589\" data-id=\"49d7589\" data-element_type=\"column\" data-e-type=\"column\">\n\t\t\t<div class=\"elementor-widget-wrap elementor-element-populated\">\n\t\t\t\t\t\t<div class=\"elementor-element elementor-element-496e927 elementor-widget elementor-widget-heading\" data-id=\"496e927\" data-element_type=\"widget\" data-e-type=\"widget\" data-widget_type=\"heading.default\">\n\t\t\t\t<div class=\"elementor-widget-container\">\n\t\t\t\t\t<h2 class=\"elementor-heading-title elementor-size-default\">Valour Of Your Business<\/h2>\t\t\t\t<\/div>\n\t\t\t\t<\/div>\n\t\t\t\t<div class=\"elementor-element elementor-element-eb875db elementor-widget elementor-widget-image\" data-id=\"eb875db\" data-element_type=\"widget\" data-e-type=\"widget\" data-widget_type=\"image.default\">\n\t\t\t\t<div class=\"elementor-widget-container\">\n\t\t\t\t\t\t\t\t\t\t\t\t\t\t\t<img fetchpriority=\"high\" decoding=\"async\" width=\"800\" height=\"800\" src=\"https:\/\/voyb.com.br\/wp-content\/uploads\/2022\/07\/Logo-com-gradient-paleta-de-cores-1024x1024.png\" class=\"attachment-large size-large wp-image-1165\" alt=\"\" srcset=\"https:\/\/voyb.com.br\/wp-content\/uploads\/2022\/07\/Logo-com-gradient-paleta-de-cores-1024x1024.png 1024w, https:\/\/voyb.com.br\/wp-content\/uploads\/2022\/07\/Logo-com-gradient-paleta-de-cores-300x300.png 300w, https:\/\/voyb.com.br\/wp-content\/uploads\/2022\/07\/Logo-com-gradient-paleta-de-cores-150x150.png 150w, https:\/\/voyb.com.br\/wp-content\/uploads\/2022\/07\/Logo-com-gradient-paleta-de-cores-768x768.png 768w, https:\/\/voyb.com.br\/wp-content\/uploads\/2022\/07\/Logo-com-gradient-paleta-de-cores.png 1080w\" sizes=\"(max-width: 800px) 100vw, 800px\" \/>\t\t\t\t\t\t\t\t\t\t\t\t\t\t\t<\/div>\n\t\t\t\t<\/div>\n\t\t\t\t\t<\/div>\n\t\t<\/div>\n\t\t\t\t<div class=\"elementor-column elementor-col-50 elementor-top-column elementor-element elementor-element-7688fd1\" data-id=\"7688fd1\" data-element_type=\"column\" data-e-type=\"column\">\n\t\t\t<div class=\"elementor-widget-wrap elementor-element-populated\">\n\t\t\t\t\t\t<div class=\"elementor-element elementor-element-0bf00d7 elementor-widget elementor-widget-image\" data-id=\"0bf00d7\" data-element_type=\"widget\" data-e-type=\"widget\" data-widget_type=\"image.default\">\n\t\t\t\t<div class=\"elementor-widget-container\">\n\t\t\t\t\t\t\t\t\t\t\t\t\t\t\t<img decoding=\"async\" width=\"768\" height=\"512\" src=\"https:\/\/voyb.com.br\/wp-content\/uploads\/2022\/09\/VOYB-Imersao-Equipe-3-768x512.jpg\" class=\"attachment-medium_large size-medium_large wp-image-1352\" alt=\"\" srcset=\"https:\/\/voyb.com.br\/wp-content\/uploads\/2022\/09\/VOYB-Imersao-Equipe-3-768x512.jpg 768w, https:\/\/voyb.com.br\/wp-content\/uploads\/2022\/09\/VOYB-Imersao-Equipe-3-300x200.jpg 300w, https:\/\/voyb.com.br\/wp-content\/uploads\/2022\/09\/VOYB-Imersao-Equipe-3-1024x683.jpg 1024w, https:\/\/voyb.com.br\/wp-content\/uploads\/2022\/09\/VOYB-Imersao-Equipe-3-1536x1024.jpg 1536w, https:\/\/voyb.com.br\/wp-content\/uploads\/2022\/09\/VOYB-Imersao-Equipe-3-2048x1365.jpg 2048w, https:\/\/voyb.com.br\/wp-content\/uploads\/2022\/09\/VOYB-Imersao-Equipe-3-1200x800.jpg 1200w, https:\/\/voyb.com.br\/wp-content\/uploads\/2022\/09\/VOYB-Imersao-Equipe-3-1980x1320.jpg 1980w\" sizes=\"(max-width: 768px) 100vw, 768px\" \/>\t\t\t\t\t\t\t\t\t\t\t\t\t\t\t<\/div>\n\t\t\t\t<\/div>\n\t\t\t\t\t<\/div>\n\t\t<\/div>\n\t\t\t\t\t<\/div>\n\t\t<\/section>\n\t\t\t\t<section class=\"elementor-section elementor-top-section elementor-element elementor-element-af0064f elementor-section-height-min-height elementor-section-stretched elementor-section-boxed elementor-section-height-default elementor-section-items-middle\" data-id=\"af0064f\" data-element_type=\"section\" data-e-type=\"section\" data-settings=\"{&quot;background_background&quot;:&quot;classic&quot;,&quot;stretch_section&quot;:&quot;section-stretched&quot;}\">\n\t\t\t\t\t\t<div class=\"elementor-container elementor-column-gap-default\">\n\t\t\t\t\t<div class=\"elementor-column elementor-col-50 elementor-top-column elementor-element elementor-element-9a8da13\" data-id=\"9a8da13\" data-element_type=\"column\" data-e-type=\"column\">\n\t\t\t<div class=\"elementor-widget-wrap elementor-element-populated\">\n\t\t\t\t\t\t<div class=\"elementor-element elementor-element-81d5edb elementor-widget elementor-widget-text-editor\" data-id=\"81d5edb\" data-element_type=\"widget\" data-e-type=\"widget\" data-widget_type=\"text-editor.default\">\n\t\t\t\t<div class=\"elementor-widget-container\">\n\t\t\t\t\t\t\t\t\t<p>A VOYB de hoje come\u00e7ou em 2018, antes disso era uma empresa focada em consultoria empresarial, onde deu in\u00edcio a o que \u00e9 hoje.<\/p>\t\t\t\t\t\t\t\t<\/div>\n\t\t\t\t<\/div>\n\t\t\t\t\t<\/div>\n\t\t<\/div>\n\t\t\t\t<div class=\"elementor-column elementor-col-50 elementor-top-column elementor-element elementor-element-43b84b1\" data-id=\"43b84b1\" data-element_type=\"column\" data-e-type=\"column\">\n\t\t\t<div class=\"elementor-widget-wrap\">\n\t\t\t\t\t\t\t<\/div>\n\t\t<\/div>\n\t\t\t\t\t<\/div>\n\t\t<\/section>\n\t\t\t\t<section class=\"elementor-section elementor-top-section elementor-element elementor-element-f6b1d27 elementor-section-height-min-height elementor-section-stretched elementor-section-boxed elementor-section-height-default elementor-section-items-middle\" data-id=\"f6b1d27\" data-element_type=\"section\" data-e-type=\"section\" data-settings=\"{&quot;background_background&quot;:&quot;classic&quot;,&quot;stretch_section&quot;:&quot;section-stretched&quot;}\">\n\t\t\t\t\t\t<div class=\"elementor-container elementor-column-gap-default\">\n\t\t\t\t\t<div class=\"elementor-column elementor-col-50 elementor-top-column elementor-element elementor-element-b727add\" data-id=\"b727add\" data-element_type=\"column\" data-e-type=\"column\">\n\t\t\t<div class=\"elementor-widget-wrap\">\n\t\t\t\t\t\t\t<\/div>\n\t\t<\/div>\n\t\t\t\t<div class=\"elementor-column elementor-col-50 elementor-top-column elementor-element elementor-element-fa337ed\" data-id=\"fa337ed\" data-element_type=\"column\" data-e-type=\"column\">\n\t\t\t<div class=\"elementor-widget-wrap elementor-element-populated\">\n\t\t\t\t\t\t<div class=\"elementor-element elementor-element-25e65cc elementor-widget elementor-widget-text-editor\" data-id=\"25e65cc\" data-element_type=\"widget\" data-e-type=\"widget\" data-widget_type=\"text-editor.default\">\n\t\t\t\t<div class=\"elementor-widget-container\">\n\t\t\t\t\t\t\t\t\t<p>Somos loucos apaixonados por contabilidade e inconformados com servi\u00e7os b\u00e1sicos de contabilidade, somos uma empresa focada em proporcionar uma melhor gest\u00e3o para seu neg\u00f3cio, buscando solu\u00e7\u00f5es financeiras, fiscais e estrat\u00e9gicas para seu sucesso.<\/p><p>S\u00f3 malucos que decidem encarar essa profiss\u00e3o. Talvez sejamos, mas fazemos com amor, e com muita, muita dedica\u00e7\u00e3o.<\/p>\t\t\t\t\t\t\t\t<\/div>\n\t\t\t\t<\/div>\n\t\t\t\t\t<\/div>\n\t\t<\/div>\n\t\t\t\t\t<\/div>\n\t\t<\/section>\n\t\t\t\t<section class=\"elementor-section elementor-top-section elementor-element elementor-element-a82b4d4 elementor-section-height-min-height elementor-section-stretched elementor-section-boxed elementor-section-height-default elementor-section-items-middle\" data-id=\"a82b4d4\" data-element_type=\"section\" data-e-type=\"section\" data-settings=\"{&quot;background_background&quot;:&quot;classic&quot;,&quot;stretch_section&quot;:&quot;section-stretched&quot;}\">\n\t\t\t\t\t\t<div class=\"elementor-container elementor-column-gap-default\">\n\t\t\t\t\t<div class=\"elementor-column elementor-col-50 elementor-top-column elementor-element elementor-element-5c7a148\" data-id=\"5c7a148\" data-element_type=\"column\" data-e-type=\"column\">\n\t\t\t<div class=\"elementor-widget-wrap elementor-element-populated\">\n\t\t\t\t\t\t<div class=\"elementor-element elementor-element-5610738 elementor-widget elementor-widget-text-editor\" data-id=\"5610738\" data-element_type=\"widget\" data-e-type=\"widget\" data-widget_type=\"text-editor.default\">\n\t\t\t\t<div class=\"elementor-widget-container\">\n\t\t\t\t\t\t\t\t\t<p>Viemos do ramo de consultoria e ajudamos empresas como a sua a melhorar a gest\u00e3o cont\u00e1bil. Trabalhamos dia e noite, incans\u00e1velmente, para atender \u00e0s demandas dos nossos clientes com prontid\u00e3o e assertividade. Mostramos que a contabilidade pode ser sem chatice e que ela \u00e9 uma verdadeira ferramenta de tomada de decis\u00e3o!<\/p>\t\t\t\t\t\t\t\t<\/div>\n\t\t\t\t<\/div>\n\t\t\t\t\t<\/div>\n\t\t<\/div>\n\t\t\t\t<div class=\"elementor-column elementor-col-50 elementor-top-column elementor-element elementor-element-ce20f67\" data-id=\"ce20f67\" data-element_type=\"column\" data-e-type=\"column\">\n\t\t\t<div class=\"elementor-widget-wrap\">\n\t\t\t\t\t\t\t<\/div>\n\t\t<\/div>\n\t\t\t\t\t<\/div>\n\t\t<\/section>\n\t\t\t\t<section class=\"elementor-section elementor-top-section elementor-element elementor-element-334789e elementor-section-height-min-height elementor-section-boxed elementor-section-height-default elementor-section-items-middle\" data-id=\"334789e\" data-element_type=\"section\" data-e-type=\"section\" data-settings=\"{&quot;background_background&quot;:&quot;classic&quot;}\">\n\t\t\t\t\t\t<div class=\"elementor-container elementor-column-gap-default\">\n\t\t\t\t\t<div class=\"elementor-column elementor-col-50 elementor-top-column elementor-element elementor-element-2a2dd8f\" data-id=\"2a2dd8f\" data-element_type=\"column\" data-e-type=\"column\">\n\t\t\t<div class=\"elementor-widget-wrap elementor-element-populated\">\n\t\t\t\t\t\t<div class=\"elementor-element elementor-element-13cda70 elementor-widget elementor-widget-heading\" data-id=\"13cda70\" data-element_type=\"widget\" data-e-type=\"widget\" data-widget_type=\"heading.default\">\n\t\t\t\t<div class=\"elementor-widget-container\">\n\t\t\t\t\t<h2 class=\"elementor-heading-title elementor-size-default\">Comemoramos isso<\/h2>\t\t\t\t<\/div>\n\t\t\t\t<\/div>\n\t\t\t\t<div class=\"elementor-element elementor-element-933509b elementor-widget elementor-widget-heading\" data-id=\"933509b\" data-element_type=\"widget\" data-e-type=\"widget\" data-widget_type=\"heading.default\">\n\t\t\t\t<div class=\"elementor-widget-container\">\n\t\t\t\t\t<h2 class=\"elementor-heading-title elementor-size-default\">Ao longo dos anos j\u00e1 recuperamos 2 milh\u00f5es de impostos para nossos clientes.<\/h2>\t\t\t\t<\/div>\n\t\t\t\t<\/div>\n\t\t\t\t\t<\/div>\n\t\t<\/div>\n\t\t\t\t<div class=\"elementor-column elementor-col-50 elementor-top-column elementor-element elementor-element-b995ff4\" data-id=\"b995ff4\" data-element_type=\"column\" data-e-type=\"column\">\n\t\t\t<div class=\"elementor-widget-wrap elementor-element-populated\">\n\t\t\t\t\t\t<div class=\"elementor-element elementor-element-6f5718c elementor-widget elementor-widget-heading\" data-id=\"6f5718c\" data-element_type=\"widget\" data-e-type=\"widget\" data-widget_type=\"heading.default\">\n\t\t\t\t<div class=\"elementor-widget-container\">\n\t\t\t\t\t<h2 class=\"elementor-heading-title elementor-size-default\">Clientes<\/h2>\t\t\t\t<\/div>\n\t\t\t\t<\/div>\n\t\t\t\t<div class=\"elementor-element elementor-element-8cd43f3 elementor-widget elementor-widget-heading\" data-id=\"8cd43f3\" data-element_type=\"widget\" data-e-type=\"widget\" data-widget_type=\"heading.default\">\n\t\t\t\t<div class=\"elementor-widget-container\">\n\t\t\t\t\t<h2 class=\"elementor-heading-title elementor-size-default\">J\u00e1 ajudamos centenas de empresas clientes a melhorarem o cen\u00e1rio de suas empresas. Todas continuam at\u00e9 hoje prosperando e crescendo cada vez mais.<\/h2>\t\t\t\t<\/div>\n\t\t\t\t<\/div>\n\t\t\t\t\t<\/div>\n\t\t<\/div>\n\t\t\t\t\t<\/div>\n\t\t<\/section>\n\t\t\t\t<\/div>\n\t\t","protected":false},"excerpt":{"rendered":"<p>Valour Of Your Business A VOYB de hoje come\u00e7ou em 2018, antes disso era uma empresa focada em consultoria empresarial, onde deu in\u00edcio a o que \u00e9 hoje. Somos loucos apaixonados por contabilidade e inconformados com servi\u00e7os b\u00e1sicos de contabilidade, somos uma empresa focada em proporcionar uma melhor gest\u00e3o para seu neg\u00f3cio, buscando solu\u00e7\u00f5es financeiras, [&hellip;]<\/p>\n","protected":false},"author":1,"featured_media":0,"parent":0,"menu_order":0,"comment_status":"closed","ping_status":"closed","template":"","meta":{"footnotes":""},"class_list":["post-39","page","type-page","status-publish","hentry"],"_links":{"self":[{"href":"https:\/\/voyb.com.br\/home\/wp-json\/wp\/v2\/pages\/39","targetHints":{"allow":["GET"]}}],"collection":[{"href":"https:\/\/voyb.com.br\/home\/wp-json\/wp\/v2\/pages"}],"about":[{"href":"https:\/\/voyb.com.br\/home\/wp-json\/wp\/v2\/types\/page"}],"author":[{"embeddable":true,"href":"https:\/\/voyb.com.br\/home\/wp-json\/wp\/v2\/users\/1"}],"replies":[{"embeddable":true,"href":"https:\/\/voyb.com.br\/home\/wp-json\/wp\/v2\/comments?post=39"}],"version-history":[{"count":31,"href":"https:\/\/voyb.com.br\/home\/wp-json\/wp\/v2\/pages\/39\/revisions"}],"predecessor-version":[{"id":1543,"href":"https:\/\/voyb.com.br\/home\/wp-json\/wp\/v2\/pages\/39\/revisions\/1543"}],"wp:attachment":[{"href":"https:\/\/voyb.com.br\/home\/wp-json\/wp\/v2\/media?parent=39"}],"curies":[{"name":"wp","href":"https:\/\/api.w.org\/{rel}","templated":true}]}}