{"id":16,"date":"2022-03-23T13:33:20","date_gmt":"2022-03-23T16:33:20","guid":{"rendered":"https:\/\/voyb.com.br\/?page_id=16"},"modified":"2024-08-30T14:49:34","modified_gmt":"2024-08-30T17:49:34","slug":"home","status":"publish","type":"page","link":"https:\/\/voyb.com.br\/home\/","title":{"rendered":"Contabilidade em Itaja\u00ed"},"content":{"rendered":"\t\t<div data-elementor-type=\"wp-page\" data-elementor-id=\"16\" class=\"elementor elementor-16\" data-elementor-post-type=\"page\">\n\t\t\t\t\t\t<section class=\"elementor-section elementor-top-section elementor-element elementor-element-cf079b5 elementor-section-stretched elementor-section-height-min-height elementor-section-content-middle elementor-section-boxed elementor-section-height-default elementor-section-items-middle\" data-id=\"cf079b5\" data-element_type=\"section\" data-e-type=\"section\" data-settings=\"{&quot;stretch_section&quot;:&quot;section-stretched&quot;,&quot;background_background&quot;:&quot;slideshow&quot;,&quot;background_slideshow_gallery&quot;:[{&quot;id&quot;:1352,&quot;url&quot;:&quot;https:\\\/\\\/voyb.com.br\\\/wp-content\\\/uploads\\\/2022\\\/09\\\/VOYB-Imersao-Equipe-3-scaled.jpg&quot;}],&quot;background_slideshow_loop&quot;:&quot;yes&quot;,&quot;background_slideshow_slide_duration&quot;:5000,&quot;background_slideshow_slide_transition&quot;:&quot;fade&quot;,&quot;background_slideshow_transition_duration&quot;:500}\">\n\t\t\t\t\t\t\t<div class=\"elementor-background-overlay\"><\/div>\n\t\t\t\t\t\t\t<div class=\"elementor-container elementor-column-gap-default\">\n\t\t\t\t\t<div class=\"elementor-column elementor-col-50 elementor-top-column elementor-element elementor-element-4b90add\" data-id=\"4b90add\" data-element_type=\"column\" data-e-type=\"column\">\n\t\t\t<div class=\"elementor-widget-wrap elementor-element-populated\">\n\t\t\t\t\t\t<div class=\"elementor-element elementor-element-7935dc5 elementor-widget elementor-widget-heading\" data-id=\"7935dc5\" data-element_type=\"widget\" data-e-type=\"widget\" data-widget_type=\"heading.default\">\n\t\t\t\t<div class=\"elementor-widget-container\">\n\t\t\t\t\t<h1 class=\"elementor-heading-title elementor-size-default\">VOYB Contabilidade<\/h1>\t\t\t\t<\/div>\n\t\t\t\t<\/div>\n\t\t\t\t<div class=\"elementor-element elementor-element-6e0a6ce elementor-mobile-align-center elementor-icon-list--layout-traditional elementor-list-item-link-full_width elementor-widget elementor-widget-icon-list\" data-id=\"6e0a6ce\" data-element_type=\"widget\" data-e-type=\"widget\" data-widget_type=\"icon-list.default\">\n\t\t\t\t<div class=\"elementor-widget-container\">\n\t\t\t\t\t\t\t<ul class=\"elementor-icon-list-items\">\n\t\t\t\t\t\t\t<li class=\"elementor-icon-list-item\">\n\t\t\t\t\t\t\t\t\t\t\t<span class=\"elementor-icon-list-icon\">\n\t\t\t\t\t\t\t<svg xmlns=\"http:\/\/www.w3.org\/2000\/svg\" width=\"438\" height=\"438\" viewBox=\"0 0 438 438\" fill=\"none\"><circle cx=\"219\" cy=\"219\" r=\"219\" fill=\"#1A422F\"><\/circle><circle cx=\"218.5\" cy=\"219.5\" r=\"162.5\" fill=\"#2C7050\"><\/circle><circle cx=\"219\" cy=\"219\" r=\"100\" fill=\"#56DC9C\"><\/circle><\/svg>\t\t\t\t\t\t<\/span>\n\t\t\t\t\t\t\t\t\t\t<span class=\"elementor-icon-list-text\">Empresa dispon\u00edvel para atendimento<\/span>\n\t\t\t\t\t\t\t\t\t<\/li>\n\t\t\t\t\t\t<\/ul>\n\t\t\t\t\t\t<\/div>\n\t\t\t\t<\/div>\n\t\t\t\t<div class=\"elementor-element elementor-element-fa22662 elementor-shape-circle e-grid-align-left e-grid-align-mobile-center elementor-grid-0 elementor-widget elementor-widget-social-icons\" data-id=\"fa22662\" data-element_type=\"widget\" data-e-type=\"widget\" data-widget_type=\"social-icons.default\">\n\t\t\t\t<div class=\"elementor-widget-container\">\n\t\t\t\t\t\t\t<div class=\"elementor-social-icons-wrapper elementor-grid\" role=\"list\">\n\t\t\t\t\t\t\t<span class=\"elementor-grid-item\" role=\"listitem\">\n\t\t\t\t\t<a class=\"elementor-icon elementor-social-icon elementor-social-icon-whatsapp elementor-animation-grow elementor-repeater-item-72feebe\" href=\"http:\/\/wa.me\/5547988382106\" target=\"_blank\">\n\t\t\t\t\t\t<span class=\"elementor-screen-only\">Whatsapp<\/span>\n\t\t\t\t\t\t<svg aria-hidden=\"true\" class=\"e-font-icon-svg e-fab-whatsapp\" viewBox=\"0 0 448 512\" xmlns=\"http:\/\/www.w3.org\/2000\/svg\"><path d=\"M380.9 97.1C339 55.1 283.2 32 223.9 32c-122.4 0-222 99.6-222 222 0 39.1 10.2 77.3 29.6 111L0 480l117.7-30.9c32.4 17.7 68.9 27 106.1 27h.1c122.3 0 224.1-99.6 224.1-222 0-59.3-25.2-115-67.1-157zm-157 341.6c-33.2 0-65.7-8.9-94-25.7l-6.7-4-69.8 18.3L72 359.2l-4.4-7c-18.5-29.4-28.2-63.3-28.2-98.2 0-101.7 82.8-184.5 184.6-184.5 49.3 0 95.6 19.2 130.4 54.1 34.8 34.9 56.2 81.2 56.1 130.5 0 101.8-84.9 184.6-186.6 184.6zm101.2-138.2c-5.5-2.8-32.8-16.2-37.9-18-5.1-1.9-8.8-2.8-12.5 2.8-3.7 5.6-14.3 18-17.6 21.8-3.2 3.7-6.5 4.2-12 1.4-32.6-16.3-54-29.1-75.5-66-5.7-9.8 5.7-9.1 16.3-30.3 1.8-3.7.9-6.9-.5-9.7-1.4-2.8-12.5-30.1-17.1-41.2-4.5-10.8-9.1-9.3-12.5-9.5-3.2-.2-6.9-.2-10.6-.2-3.7 0-9.7 1.4-14.8 6.9-5.1 5.6-19.4 19-19.4 46.3 0 27.3 19.9 53.7 22.6 57.4 2.8 3.7 39.1 59.7 94.8 83.8 35.2 15.2 49 16.5 66.6 13.9 10.7-1.6 32.8-13.4 37.4-26.4 4.6-13 4.6-24.1 3.2-26.4-1.3-2.5-5-3.9-10.5-6.6z\"><\/path><\/svg>\t\t\t\t\t<\/a>\n\t\t\t\t<\/span>\n\t\t\t\t\t\t\t<span class=\"elementor-grid-item\" role=\"listitem\">\n\t\t\t\t\t<a class=\"elementor-icon elementor-social-icon elementor-social-icon-instagram elementor-animation-grow elementor-repeater-item-a6ee445\" href=\"https:\/\/instagram.com\/voyb_\" target=\"_blank\">\n\t\t\t\t\t\t<span class=\"elementor-screen-only\">Instagram<\/span>\n\t\t\t\t\t\t<svg aria-hidden=\"true\" class=\"e-font-icon-svg e-fab-instagram\" viewBox=\"0 0 448 512\" xmlns=\"http:\/\/www.w3.org\/2000\/svg\"><path d=\"M224.1 141c-63.6 0-114.9 51.3-114.9 114.9s51.3 114.9 114.9 114.9S339 319.5 339 255.9 287.7 141 224.1 141zm0 189.6c-41.1 0-74.7-33.5-74.7-74.7s33.5-74.7 74.7-74.7 74.7 33.5 74.7 74.7-33.6 74.7-74.7 74.7zm146.4-194.3c0 14.9-12 26.8-26.8 26.8-14.9 0-26.8-12-26.8-26.8s12-26.8 26.8-26.8 26.8 12 26.8 26.8zm76.1 27.2c-1.7-35.9-9.9-67.7-36.2-93.9-26.2-26.2-58-34.4-93.9-36.2-37-2.1-147.9-2.1-184.9 0-35.8 1.7-67.6 9.9-93.9 36.1s-34.4 58-36.2 93.9c-2.1 37-2.1 147.9 0 184.9 1.7 35.9 9.9 67.7 36.2 93.9s58 34.4 93.9 36.2c37 2.1 147.9 2.1 184.9 0 35.9-1.7 67.7-9.9 93.9-36.2 26.2-26.2 34.4-58 36.2-93.9 2.1-37 2.1-147.8 0-184.8zM398.8 388c-7.8 19.6-22.9 34.7-42.6 42.6-29.5 11.7-99.5 9-132.1 9s-102.7 2.6-132.1-9c-19.6-7.8-34.7-22.9-42.6-42.6-11.7-29.5-9-99.5-9-132.1s-2.6-102.7 9-132.1c7.8-19.6 22.9-34.7 42.6-42.6 29.5-11.7 99.5-9 132.1-9s102.7-2.6 132.1 9c19.6 7.8 34.7 22.9 42.6 42.6 11.7 29.5 9 99.5 9 132.1s2.7 102.7-9 132.1z\"><\/path><\/svg>\t\t\t\t\t<\/a>\n\t\t\t\t<\/span>\n\t\t\t\t\t\t\t<span class=\"elementor-grid-item\" role=\"listitem\">\n\t\t\t\t\t<a class=\"elementor-icon elementor-social-icon elementor-social-icon-linkedin elementor-animation-grow elementor-repeater-item-2e4f918\" href=\"https:\/\/www.linkedin.com\/company\/voyb-gest%C3%A3o-cont%C3%A1bil\/\" target=\"_blank\">\n\t\t\t\t\t\t<span class=\"elementor-screen-only\">Linkedin<\/span>\n\t\t\t\t\t\t<svg aria-hidden=\"true\" class=\"e-font-icon-svg e-fab-linkedin\" viewBox=\"0 0 448 512\" xmlns=\"http:\/\/www.w3.org\/2000\/svg\"><path d=\"M416 32H31.9C14.3 32 0 46.5 0 64.3v383.4C0 465.5 14.3 480 31.9 480H416c17.6 0 32-14.5 32-32.3V64.3c0-17.8-14.4-32.3-32-32.3zM135.4 416H69V202.2h66.5V416zm-33.2-243c-21.3 0-38.5-17.3-38.5-38.5S80.9 96 102.2 96c21.2 0 38.5 17.3 38.5 38.5 0 21.3-17.2 38.5-38.5 38.5zm282.1 243h-66.4V312c0-24.8-.5-56.7-34.5-56.7-34.6 0-39.9 27-39.9 54.9V416h-66.4V202.2h63.7v29.2h.9c8.9-16.8 30.6-34.5 62.9-34.5 67.2 0 79.7 44.3 79.7 101.9V416z\"><\/path><\/svg>\t\t\t\t\t<\/a>\n\t\t\t\t<\/span>\n\t\t\t\t\t<\/div>\n\t\t\t\t\t\t<\/div>\n\t\t\t\t<\/div>\n\t\t\t\t\t<\/div>\n\t\t<\/div>\n\t\t\t\t<div class=\"elementor-column elementor-col-50 elementor-top-column elementor-element elementor-element-7155b90\" data-id=\"7155b90\" data-element_type=\"column\" data-e-type=\"column\">\n\t\t\t<div class=\"elementor-widget-wrap elementor-element-populated\">\n\t\t\t\t\t\t<div class=\"elementor-element elementor-element-c20e48a elementor-hidden-mobile elementor-widget elementor-widget-html\" data-id=\"c20e48a\" data-element_type=\"widget\" data-e-type=\"widget\" data-widget_type=\"html.default\">\n\t\t\t\t<div class=\"elementor-widget-container\">\n\t\t\t\t\t<!DOCTYPE html>\r\n<head>\r\n    <style>\r\n        @import url(\"https:\/\/cdn.jsdelivr.net\/npm\/bootstrap-icons@1.9.1\/font\/bootstrap-icons.css\");\r\n        .container-wrapper{\r\n            display: grid;\r\n            height\r\n            width\r\n            place-items: center;\r\n        }\r\n        .container-flex{\r\n            width:auto;\r\n        }\r\n        .services{\r\n            padding: 20px 10px;\r\n            display: flex;\r\n            border-radius: 10px;\r\n            font-family: 'Inter', 'HelveticaNowDisplay-Regular';\r\n            font-weight: 400;\r\n            color: white;\r\n            font-size: 18px;\r\n        }\r\n        .services:hover{\r\n            cursor: pointer;\r\n            color: white;\r\n            transition: all 500ms ease-in-out;\r\n            background-color: #312c2cc2;\r\n            \r\n        }\r\n        .services:active{\r\n            scale: 0.97;\r\n            transition: all 100ms ease-in-out;\r\n        }\r\n        \r\n        \/*all icons*\/\r\n        .bi{\r\n            padding:0 20px 0 10px;\r\n        }\r\n        .space{\r\n            background-color: #121111bf;\r\n            margin: 10px;\r\n            padding: 10px;\r\n        }\r\n        .space1{\r\n            border-radius: 20px 20px 5px 5px;\r\n        }\r\n        .space2{\r\n            border-radius: 5px;\r\n        }\r\n        .space3{\r\n            border-radius: 5px;\r\n        }\r\n        .space4{\r\n            border-radius: 5px 5px 20px 20px;\r\n        }\r\n        a{\r\n            text-decoration: none;\r\n            color: #56DC9C;\r\n            \r\n        }\r\n        \r\n}\r\n    <\/style>\r\n<\/head>\r\n<body>\r\n    <div class=\"container-wrapper\">\r\n    <div class=\"container-flex\">\r\n        <div class=\"space space1\">\r\n            <a href=\"#gestao\">\r\n                <span class=\"services\"><i class=\"bi bi-graph-up-arrow\"><\/i>Gest\u00e3o Cont\u00e1bil<\/span>\r\n            <\/a>\r\n        <\/div>\r\n        <div class=\"space space2\">\r\n            <a href=\"#consultoriaEmpresarial\">\r\n                <span class=\"services\"><i class=\"bi bi-coin\"><\/i>Consultoria Empresarial<\/span>\r\n            <\/a>\r\n        <\/div>    \r\n        <div class=\"space space3\">\r\n            <a href=\"#consultoriaTributaria\">\r\n                 <span class=\"services\"><i class=\"bi bi-cash-coin\"><\/i>Consultoria Tribut\u00e1ria<\/span>\r\n            <\/a>\r\n           \r\n        <\/div>\r\n        <div class=\"space space4\">\r\n            <a href=\"#outrosServicos\">\r\n                <span class=\"services\"><i class=\"bi bi-grid\"><\/i>Entre outros servi\u00e7os\r\n                \r\n            <\/span>\r\n            <\/a>\r\n            \r\n        <\/div>\r\n        \r\n    <\/div>\r\n    <\/div>\r\n    <\/body>\r\n<\/html>\t\t\t\t<\/div>\n\t\t\t\t<\/div>\n\t\t\t\t\t<\/div>\n\t\t<\/div>\n\t\t\t\t\t<\/div>\n\t\t<\/section>\n\t\t\t\t<main class=\"elementor-section elementor-top-section elementor-element elementor-element-e4c6b9e elementor-section-stretched elementor-section-height-min-height elementor-section-boxed elementor-section-height-default elementor-section-items-middle\" data-id=\"e4c6b9e\" data-element_type=\"section\" data-e-type=\"section\" id=\"gestao\" data-settings=\"{&quot;stretch_section&quot;:&quot;section-stretched&quot;,&quot;background_background&quot;:&quot;classic&quot;}\">\n\t\t\t\t\t\t\t<div class=\"elementor-background-overlay\"><\/div>\n\t\t\t\t\t\t\t<div class=\"elementor-container elementor-column-gap-default\">\n\t\t\t\t\t<div class=\"elementor-column elementor-col-50 elementor-top-column elementor-element elementor-element-b00e95e\" data-id=\"b00e95e\" data-element_type=\"column\" data-e-type=\"column\">\n\t\t\t<div class=\"elementor-widget-wrap elementor-element-populated\">\n\t\t\t\t\t\t<div class=\"elementor-element elementor-element-c5bdb0b elementor-widget elementor-widget-html\" data-id=\"c5bdb0b\" data-element_type=\"widget\" data-e-type=\"widget\" data-widget_type=\"html.default\">\n\t\t\t\t<div class=\"elementor-widget-container\">\n\t\t\t\t\t<html>\n    <head>\n        <style>\n            .gestaoContabil{\n                padding: 20px;\n                font-family: Inter;\n                color: white;\n                \n            }\n            .titleGestao{\n                \n            }\n            .gestao{\n                font-size: 30px;\n                font-weight: 600;\n                color: white;\n            }\n            .metatag{\n                margin-bottom: 10px;\n                padding: 10px;\n                margin-left: 20px;\n                border: 1px solid #56DC9C;\n                border-radius: 10px;\n                font-size: 15px;\n                font-family: Inter;\n                color: #56DC9C;\n                font-weight: 300;\n            }\n        <\/style>\n    <\/head>\n    <body>\n        <div class=\"gestaoContabil\" id=\"gestao\">\n            <div class=\"titleGestao\">\n                <h1 class=\"gestao\">Gest\u00e3o Cont\u00e1bil<span class=\"metatag\">Servi\u00e7os<\/span><\/h1>\n            <\/div>\n            <p>\n                Nossos processos cont\u00e1beis v\u00e3o deixar e manter sua empresa regularizada, dentro das melhores pr\u00e1ticas da \u00e1rea de gest\u00e3o cont\u00e1bil, com foco em redu\u00e7\u00e3o dos impostos e adequados ao regime tribut\u00e1rio do seu neg\u00f3cio.\n            <\/p>\n        <\/div>\n    <\/body>\n<\/html>\t\t\t\t<\/div>\n\t\t\t\t<\/div>\n\t\t\t\t\t<\/div>\n\t\t<\/div>\n\t\t\t\t<div class=\"elementor-column elementor-col-50 elementor-top-column elementor-element elementor-element-36a5073\" data-id=\"36a5073\" data-element_type=\"column\" data-e-type=\"column\">\n\t\t\t<div class=\"elementor-widget-wrap elementor-element-populated\">\n\t\t\t\t\t\t<div class=\"elementor-element elementor-element-d5dd6c5 elementor-widget elementor-widget-html\" data-id=\"d5dd6c5\" data-element_type=\"widget\" data-e-type=\"widget\" data-widget_type=\"html.default\">\n\t\t\t\t<div class=\"elementor-widget-container\">\n\t\t\t\t\t\r\n<div id=\"mediaScreen\"><script src=\"https:\/\/unpkg.com\/@lottiefiles\/lottie-player@latest\/dist\/lottie-player.js\"><\/script>\r\n<lottie-player src=\"https:\/\/assets10.lottiefiles.com\/packages\/lf20_8oatmrgi.json\"  background=\"transparent\"  speed=\"1\"  style=\"width: 200px; height: 200px;;margin-left: auto;\r\n    margin-right: auto\"  loop autoplay><\/lottie-player><\/div>\t\t\t\t<\/div>\n\t\t\t\t<\/div>\n\t\t\t\t\t<\/div>\n\t\t<\/div>\n\t\t\t\t\t<\/div>\n\t\t<\/main>\n\t\t\t\t<main class=\"elementor-section elementor-top-section elementor-element elementor-element-6194313 elementor-section-stretched elementor-section-height-min-height elementor-section-boxed elementor-section-height-default elementor-section-items-middle\" data-id=\"6194313\" data-element_type=\"section\" data-e-type=\"section\" id=\"consultoriaEmpresarial\" data-settings=\"{&quot;stretch_section&quot;:&quot;section-stretched&quot;,&quot;background_background&quot;:&quot;classic&quot;}\">\n\t\t\t\t\t\t\t<div class=\"elementor-background-overlay\"><\/div>\n\t\t\t\t\t\t\t<div class=\"elementor-container elementor-column-gap-default\">\n\t\t\t\t\t<div class=\"elementor-column elementor-col-50 elementor-top-column elementor-element elementor-element-b249a30\" data-id=\"b249a30\" data-element_type=\"column\" data-e-type=\"column\">\n\t\t\t<div class=\"elementor-widget-wrap elementor-element-populated\">\n\t\t\t\t\t\t<div class=\"elementor-element elementor-element-ebd8146 elementor-widget elementor-widget-html\" data-id=\"ebd8146\" data-element_type=\"widget\" data-e-type=\"widget\" data-widget_type=\"html.default\">\n\t\t\t\t<div class=\"elementor-widget-container\">\n\t\t\t\t\t<html>\n    <head>\n        <style>\n            \n        <\/style>\n    <\/head>\n    <body>\n        <div class=\"gestaoContabil\" id=\"consultoriaEmpresarial\">\n            <div class=\"titleGestao\">\n                <h1 class=\"gestao\">Consultoria Empresarial<span class=\"metatag\">Servi\u00e7os<\/span><\/h1>\n            <\/div>\n            <p>\n               Consultoria empresarial inteligente para promover o crescimento de sua empresa com pr\u00e1ticas recomendadas, testadas e aprovadas pelos nossos clientes e parceiros de neg\u00f3cios.\n            <\/p>\n        <\/div>\n    <\/body>\n<\/html>\t\t\t\t<\/div>\n\t\t\t\t<\/div>\n\t\t\t\t\t<\/div>\n\t\t<\/div>\n\t\t\t\t<div class=\"elementor-column elementor-col-50 elementor-top-column elementor-element elementor-element-95ce47e\" data-id=\"95ce47e\" data-element_type=\"column\" data-e-type=\"column\">\n\t\t\t<div class=\"elementor-widget-wrap elementor-element-populated\">\n\t\t\t\t\t\t<div class=\"elementor-element elementor-element-9b061c3 elementor-widget elementor-widget-html\" data-id=\"9b061c3\" data-element_type=\"widget\" data-e-type=\"widget\" data-widget_type=\"html.default\">\n\t\t\t\t<div class=\"elementor-widget-container\">\n\t\t\t\t\t<div id=\"mediaScreen\">\r\n    <script src=\"https:\/\/unpkg.com\/@lottiefiles\/lottie-player@latest\/dist\/lottie-player.js\"><\/script>\r\n<lottie-player src=\"https:\/\/assets5.lottiefiles.com\/packages\/lf20_YPllbK.json\"  background=\"transparent\"  speed=\"1\"  style=\"width: 200px; height: 200px;margin-left: auto;\r\n    margin-right: auto\"  loop autoplay><\/lottie-player>\r\n<\/div>\t\t\t\t<\/div>\n\t\t\t\t<\/div>\n\t\t\t\t\t<\/div>\n\t\t<\/div>\n\t\t\t\t\t<\/div>\n\t\t<\/main>\n\t\t\t\t<main class=\"elementor-section elementor-top-section elementor-element elementor-element-d847d61 elementor-section-stretched elementor-section-height-min-height elementor-section-boxed elementor-section-height-default elementor-section-items-middle\" data-id=\"d847d61\" data-element_type=\"section\" data-e-type=\"section\" id=\"consultoriaTributaria\" data-settings=\"{&quot;stretch_section&quot;:&quot;section-stretched&quot;,&quot;background_background&quot;:&quot;classic&quot;}\">\n\t\t\t\t\t\t\t<div class=\"elementor-background-overlay\"><\/div>\n\t\t\t\t\t\t\t<div class=\"elementor-container elementor-column-gap-default\">\n\t\t\t\t\t<div class=\"elementor-column elementor-col-50 elementor-top-column elementor-element elementor-element-dfcbee3\" data-id=\"dfcbee3\" data-element_type=\"column\" data-e-type=\"column\">\n\t\t\t<div class=\"elementor-widget-wrap elementor-element-populated\">\n\t\t\t\t\t\t<div class=\"elementor-element elementor-element-32a33a6 elementor-widget elementor-widget-html\" data-id=\"32a33a6\" data-element_type=\"widget\" data-e-type=\"widget\" data-widget_type=\"html.default\">\n\t\t\t\t<div class=\"elementor-widget-container\">\n\t\t\t\t\t<html>\n    <head>\n        <style>\n           \n        <\/style>\n    <\/head>\n    <body>\n        <div class=\"gestaoContabil\" id=\"consultoriaTributaria\">\n            <div class=\"titleGestao\">\n                <h1 class=\"gestao\">Consultoria Tribut\u00e1ria<span class=\"metatag\">Servi\u00e7os<\/span><\/h1>\n            <\/div>\n            <p>\n               A tributa\u00e7\u00e3o da sua empresa pode e deve ser um dos principais fatores na hora de cortar gastos, otimizar os tributos, pagar somente o obrigat\u00f3rio e recuperar poss\u00edveis cr\u00e9ditos tribut\u00e1rios, aumentando ainda mais os lucros l\u00edquidos no final do m\u00eas. O planejamento tribut\u00e1rio \u00e9 sa\u00fade financeira para sua empresa.\n            <\/p>\n        <\/div>\n    <\/body>\n<\/html>\t\t\t\t<\/div>\n\t\t\t\t<\/div>\n\t\t\t\t\t<\/div>\n\t\t<\/div>\n\t\t\t\t<div class=\"elementor-column elementor-col-50 elementor-top-column elementor-element elementor-element-36a16db\" data-id=\"36a16db\" data-element_type=\"column\" data-e-type=\"column\">\n\t\t\t<div class=\"elementor-widget-wrap elementor-element-populated\">\n\t\t\t\t\t\t<div class=\"elementor-element elementor-element-77cc169 elementor-widget elementor-widget-html\" data-id=\"77cc169\" data-element_type=\"widget\" data-e-type=\"widget\" data-widget_type=\"html.default\">\n\t\t\t\t<div class=\"elementor-widget-container\">\n\t\t\t\t\t<script src=\"https:\/\/unpkg.com\/@lottiefiles\/lottie-player@latest\/dist\/lottie-player.js\"><\/script>\r\n<lottie-player src=\"https:\/\/assets10.lottiefiles.com\/packages\/lf20_htdr8jgg.json\"  background=\"transparent\"  speed=\"1\"  style=\"width: 200px; height: 200px;margin-left: auto;\r\n    margin-right: auto\"  loop autoplay><\/lottie-player>\t\t\t\t<\/div>\n\t\t\t\t<\/div>\n\t\t\t\t\t<\/div>\n\t\t<\/div>\n\t\t\t\t\t<\/div>\n\t\t<\/main>\n\t\t\t\t<main class=\"elementor-section elementor-top-section elementor-element elementor-element-749eca2 elementor-section-stretched elementor-section-height-min-height elementor-section-boxed elementor-section-height-default elementor-section-items-middle\" data-id=\"749eca2\" data-element_type=\"section\" data-e-type=\"section\" id=\"outrosServicos\" data-settings=\"{&quot;stretch_section&quot;:&quot;section-stretched&quot;,&quot;background_background&quot;:&quot;classic&quot;}\">\n\t\t\t\t\t\t\t<div class=\"elementor-background-overlay\"><\/div>\n\t\t\t\t\t\t\t<div class=\"elementor-container elementor-column-gap-default\">\n\t\t\t\t\t<div class=\"elementor-column elementor-col-50 elementor-top-column elementor-element elementor-element-59f97a4\" data-id=\"59f97a4\" data-element_type=\"column\" data-e-type=\"column\">\n\t\t\t<div class=\"elementor-widget-wrap elementor-element-populated\">\n\t\t\t\t\t\t<div class=\"elementor-element elementor-element-6b0fc2d elementor-widget elementor-widget-html\" data-id=\"6b0fc2d\" data-element_type=\"widget\" data-e-type=\"widget\" data-widget_type=\"html.default\">\n\t\t\t\t<div class=\"elementor-widget-container\">\n\t\t\t\t\t<html>\n    <head>\n        \n    <\/head>\n    <body>\n        <div class=\"gestaoContabil\" id=\"outrosServicos\">\n            <div class=\"titleGestao\">\n                <h1 class=\"gestao\">Outros servi\u00e7os<span class=\"metatag\">Servi\u00e7os<\/span><\/h1>\n            <\/div>\n            <p>\n               Al\u00e9m dos principais servi\u00e7os citados aqui, ainda temos a sua disposi\u00e7\u00e3o alguns outros que podem ser interessantes para a sua empresa. <a href=\"https:\/\/voyb.com.br\/home\/servicos\">Clique aqui para saber mais<\/a>\n            <\/p>\n        <\/div>\n    <\/body>\n<\/html>\t\t\t\t<\/div>\n\t\t\t\t<\/div>\n\t\t\t\t\t<\/div>\n\t\t<\/div>\n\t\t\t\t<div class=\"elementor-column elementor-col-50 elementor-top-column elementor-element elementor-element-fa2539c\" data-id=\"fa2539c\" data-element_type=\"column\" data-e-type=\"column\">\n\t\t\t<div class=\"elementor-widget-wrap\">\n\t\t\t\t\t\t\t<\/div>\n\t\t<\/div>\n\t\t\t\t\t<\/div>\n\t\t<\/main>\n\t\t\t\t<\/div>\n\t\t","protected":false},"excerpt":{"rendered":"<p>VOYB Contabilidade Empresa dispon\u00edvel para atendimento Whatsapp Instagram Linkedin Gest\u00e3o Cont\u00e1bil Consultoria Empresarial Consultoria Tribut\u00e1ria Entre outros servi\u00e7os Gest\u00e3o Cont\u00e1bilServi\u00e7os Nossos processos cont\u00e1beis v\u00e3o deixar e manter sua empresa regularizada, dentro das melhores pr\u00e1ticas da \u00e1rea de gest\u00e3o cont\u00e1bil, com foco em redu\u00e7\u00e3o dos impostos e adequados ao regime tribut\u00e1rio do seu neg\u00f3cio. Consultoria EmpresarialServi\u00e7os [&hellip;]<\/p>\n","protected":false},"author":1,"featured_media":0,"parent":0,"menu_order":0,"comment_status":"closed","ping_status":"closed","template":"elementor_header_footer","meta":{"footnotes":""},"class_list":["post-16","page","type-page","status-publish","hentry"],"_links":{"self":[{"href":"https:\/\/voyb.com.br\/home\/wp-json\/wp\/v2\/pages\/16","targetHints":{"allow":["GET"]}}],"collection":[{"href":"https:\/\/voyb.com.br\/home\/wp-json\/wp\/v2\/pages"}],"about":[{"href":"https:\/\/voyb.com.br\/home\/wp-json\/wp\/v2\/types\/page"}],"author":[{"embeddable":true,"href":"https:\/\/voyb.com.br\/home\/wp-json\/wp\/v2\/users\/1"}],"replies":[{"embeddable":true,"href":"https:\/\/voyb.com.br\/home\/wp-json\/wp\/v2\/comments?post=16"}],"version-history":[{"count":298,"href":"https:\/\/voyb.com.br\/home\/wp-json\/wp\/v2\/pages\/16\/revisions"}],"predecessor-version":[{"id":1540,"href":"https:\/\/voyb.com.br\/home\/wp-json\/wp\/v2\/pages\/16\/revisions\/1540"}],"wp:attachment":[{"href":"https:\/\/voyb.com.br\/home\/wp-json\/wp\/v2\/media?parent=16"}],"curies":[{"name":"wp","href":"https:\/\/api.w.org\/{rel}","templated":true}]}}